ctor of 308 and g.
44
Let k be (-25)/(-5)*-1*-1. Suppose -3*m + 17 = -4*b, -2*m + k*b = 3*b - 10. Suppose -7*z = -m*z - 336. What is the greatest common divisor of 21 and z?
21
Let c = -59 - -64. Let w(v) = 3 - c*v - 10 - 4*v. Let h be w(-4). Calculate the highest common factor of h and 145.
29
Suppose -5*t + 336 = 2*g, 2 - 1850 = -11*g + 4*t. What is the greatest common factor of g and 798?
42
Suppose -5*b = 0, -2*i - 2*b + 250 = 2*b. Suppose o + 3 = -14. Let y = o + 42. Calculate the highest common divisor of i and y.
25
Let h = 6246 - 6210. Calculate the greatest common factor of h and 1314.
18
Suppose -5985 = 158*p - 173*p. Calculate the greatest common factor of 95 and p.
19
Suppose -6447 - 945 = 24*g. Let t be 39/(-26)*g/1. Calculate the greatest common factor of t and 42.
42
Suppose 2894*o - 2904*o - 30 = 0. Let g(b) = -3 - 5*b + 3*b**2 - 1 + b**3 + 0. Let z be g(o). What is the greatest common factor of 55 and z?
11
Let p be (-11)/(5 + -9 + 3). Let o = -44 + 77. Let y = -31 + o. Calculate the greatest common divisor of y and p.
1
Suppose 1597 = -24*r + 1740 + 5329. Calculate the highest common factor of r and 60.
12
Let f be (40/(-5))/4 + 7 + 65. Let q = -55 - -155. Calculate the highest common factor of q and f.
10
Let h(p) = 46*p - 844. Let g be h(26). What is the highest common divisor of g and 384?
32
Let j(h) = -2*h**2 - 158*h + 189. Let t be j(-80). Let v = 238 + -93. Calculate the highest common divisor of t and v.
29
Suppose -4*h = -5*k + 19 - 138, -4*h + 4*k + 116 = 0. Calculate the highest common factor of h and 338.
26
Let l(a) be the third derivative of a**5/60 + 25*a**4/12 + 283*a**3/6 + 273*a**2. Let p be l(-53). Calculate the highest common divisor of 26 and p.
26
Let w = -33 - -51. Suppose -2*h - 5*m + 61 = 0, 18*h - 4*m - 268 = 13*h. Calculate the highest common factor of h and w.
6
Suppose 0 = -4*g - 2*y + 130, 60 = 25*g - 23*g - 4*y. What is the greatest common divisor of 3 and g?
1
Let r = -90 + 183. Let f = r - 13. What is the greatest common divisor of f and 48?
16
Suppose 0 = -4*p + 25 + 15. Let f = -15802 - -15852. What is the highest common factor of f and p?
10
Let l = 749 - 239. Let n be -5 + l/5 - 6/2. Let z = -61 + n. Calculate the greatest common divisor of 33 and z.
33
Let i(q) = -q**2 - 12*q + 57. Let g be i(-13). Let u(n) = -4*n**2 + 256*n - 144. Let c be u(62). What is the greatest common divisor of c and g?
44
Let i(q) be the third derivative of q**4/12 + 20*q**3/3 - 16*q**2. Let y be i(-19). Suppose y*o = 10 + 8. Calculate the greatest common factor of 3 and o.
3
Suppose -29*y = -40*y. Suppose 48 = 12*q - y*q. Let n = 23 - 11. What is the greatest common divisor of q and n?
4
Let q(y) = -3*y + 5595. Let a be q(109). Calculate the greatest common factor of 12 and a.
12
Suppose -5369 = -22*z + 4245. Calculate the highest common factor of z and 133.
19
Suppose 461*a = 446*a + 174735. What is the greatest common divisor of a and 99?
33
Let b(q) = 16*q + 82. Let k be b(-5). Suppose 4*d - k*d = -3*v + 409, -d + 5 = 0. Calculate the greatest common divisor of 14 and v.
7
Let i = -15800 + 15824. Let b(q) = 7*q**2 - 4*q. Let z be b(4). What is the greatest common factor of z and i?
24
Let c(y) = -2*y**3 - 12*y**2 + 21*y + 23. Let q be c(-8). Suppose 0 = -95*s + 73*s + 814. Calculate the highest common divisor of q and s.
37
Let g(n) = 7*n**2 + 2*n - 18. Let z be g(2). Let f be (243/(-9))/(6/(-28)). Calculate the highest common factor of z and f.
14
Let k = 92 - 149. Let d = 87 + k. Calculate the greatest common divisor of 18 and d.
6
Suppose 84*q - 87*q = 4*f - 1381, -q - 2*f + 463 = 0. Calculate the highest common factor of q and 140.
35
Let q = 166 - 70. Let i = -14776 + 14824. Calculate the greatest common divisor of i and q.
48
Let b be (2/16*-12)/(1/(-2314)). What is the highest common factor of 39 and b?
39
Let x be (-2099 + 51)*(-290)/44 - 12/66. What is the highest common factor of x and 34?
34
Let f be (1980/25)/6*(-10)/(-6). Suppose -5*k = -5, -2*k = 2*i - 6*k - 4. Calculate the highest common divisor of f and i.
2
Let f(m) = -2*m + 3*m + 22 + 3*m - 41. Suppose -16*i + 84 = -12. Let v be f(i). What is the highest common divisor of 55 and v?
5
Suppose 16*a - t = 12*a + 628, -4*a = -4*t - 640. Calculate the highest common factor of 5733 and a.
39
Let w = -7516 - -7812. Let h be 1/(2/37)*12. What is the greatest common factor of w and h?
74
Let z(k) = -k**3 + 10*k**2 - 5*k - 6. Let n be z(9). Let b = -35 - -92. Let l = b - n. What is the highest common divisor of l and 135?
27
Let n be (98/(-6))/(57/(-9) - -6). Let z be ((0 - -1)*10)/(n/98). Calculate the greatest common factor of 90 and z.
10
Let g = 109 + -90. Suppose -3*d + 5*k + 384 = 0, 39*d = 44*d - 4*k - 653. What is the greatest common factor of d and g?
19
Suppose 104 + 136 = 15*f. Let r be 32*2/f*4. Calculate the greatest common factor of r and 72.
8
Let n = -18 - -30. Let p be 3 - (-5)/(5/2). Suppose p*u = l + 7 + 6, 0 = -2*l + 5*u - 1. Calculate the highest common divisor of l and n.
12
Suppose 16*m - 1110 = m. Suppose -l + 24 = -m. Let n = -18 + 32. Calculate the greatest common factor of l and n.
14
Suppose 6*b - 90 = 3*b + 2*n, -5*n + 13 = b. Let z = -118 - -113. Let r be (z/7 - -1)/((-18)/(-252)). Calculate the highest common divisor of b and r.
4
Suppose 12995 = -30*r + 7*r. Let c = r + 717. What is the greatest common factor of c and 133?
19
Let u = 4669 - 4453. What is the greatest common divisor of u and 504?
72
Let z = 157 + -25. Suppose 5*v - 6*v + 3 = 0. Suppose 0 = m + j - 38, -2*j + 130 - 21 = v*m. Calculate the greatest common divisor of m and z.
33
Let y = 106 - 144. Let j be 19/y - (-3)/(6/11). Calculate the greatest common divisor of j and 80.
5
Let u(p) = 3*p**3 + 176*p**2 - 244*p - 212. Let q be u(-60). Suppose 0*l = 2*l - 28. What is the greatest common factor of q and l?
14
Suppose -u + 4226 = -5*j + 3*j, -5*u - j = -21207. What is the highest common factor of 371 and u?
53
Let w = 151 + -87. Let l be 3*(-1 - -2) - 9. Let p(y) = y**3 + 7*y**2 + 6*y + 8. Let j be p(l). Calculate the greatest common divisor of j and w.
8
Let j = -487204 - -487260. Suppose 0 = a - 6*a + 2380. What is the greatest common factor of a and j?
28
Suppose -5*d + 130 = 2*t, -4*t - t + 358 = -4*d. Let x = t - 47. Suppose 2760 = 40*b + 3*b - 3*b. What is the greatest common factor of x and b?
23
Let f be 28/(-112) - 123/(-12). Let s(p) = -p**3 + 13*p**2 - 18*p - 16. Let c be s(9). Let u = c - 66. What is the highest common factor of f and u?
10
Suppose 26*m = -15*m + 45*m - 108. Suppose 0 = 3*d + 3*z - 15, 4*d + 2*z = 4*z - 10. Suppose 2*i - 270 = -d*i. What is the highest common factor of m and i?
27
Let u(f) = -f**2 - f + 3. Let k(o) = 5*o**2 - 42. Let h(t) = k(t) + u(t). Let z be h(5). Calculate the highest common divisor of z and 14.
14
Let o = -37664 - -37688. Let q be 23/(-2)*128/(-8). What is the highest common factor of q and o?
8
Let u be -7*(2 + -13 - 0). Suppose 5*y - u = -w, -2*w = 4*y - y - 119. Let m be (2294/93 + 36)*30/7. What is the greatest common divisor of w and m?
52
Let v(d) = 16*d - d - 21 - 2*d**2 + 34. Let m be v(8). Suppose -2*r + r + 5*a = 18, 5*r = 2*a + 2. What is the greatest common factor of m and r?
1
Let b(n) = -100*n - 9. Let y be b(-4). Suppose -8*k = -12*k - 5*j + 87, 68 = 3*k + j. Calculate the highest common divisor of y and k.
23
Let n(p) = 187*p + 2959. Let r be n(19). What is the greatest common factor of 370 and r?
74
Suppose -22*j + 135*j = 3729. Calculate the greatest common factor of 273 and j.
3
Suppose -3423 + 10534 = 36*s - 7469. What is the highest common divisor of 99 and s?
9
Let d = -1156 - -1169. Calculate the highest common factor of d and 4225.
13
Let f(d) = 65*d - 3338. Let z be f(52). What is the greatest common divisor of z and 476?
14
Suppose -5*b + 101 = -144 - 15. What is the greatest common factor of 637 and b?
13
Suppose -g = -5*u + 15159 + 42878, 0 = 3*u - 3*g - 34839. What is the greatest common divisor of u and 56?
14
Let z(u) be the second derivative of u**5/20 + u**3/6 + 8*u**2 + 4*u - 7. Let h be z(0). What is the greatest common divisor of h and 3?
1
Let x(k) = 2*k**2 + 11*k + 21. Let l be x(-5). Suppose 5*g - 87 = 473. What is the highest common factor of g and l?
16
Let a(